{"id":427,"date":"2023-07-20T12:05:39","date_gmt":"2023-07-20T12:05:39","guid":{"rendered":"https:\/\/daahk.org\/trk\/?page_id=427"},"modified":"2023-07-20T12:05:56","modified_gmt":"2023-07-20T12:05:56","slug":"ana-sayfa","status":"publish","type":"page","link":"https:\/\/daahk.org\/trk\/","title":{"rendered":"Ana Sayfa"},"content":{"rendered":"<h3>23. Uluslararas\u0131<\/h3>\n<h3>Do\u011fu Akdeniz Aile Hekimli\u011fi Kongresi<\/h3>\n<h3>09 -12 May\u0131s 2024<\/h3>\n<h3>\u00c7evrimi\u00e7i<\/h3>\n<h3>www.daahk.org<\/h3>\n<p>adrsinden eri\u015febilirsiniz<\/p>\n","protected":false},"excerpt":{"rendered":"<p>23. Uluslararas\u0131 Do\u011fu Akdeniz Aile Hekimli\u011fi Kongresi 09 -12 May\u0131s 2024 \u00c7evrimi\u00e7i www.daahk.org adrsinden eri\u015febilirsiniz<\/p>\n","protected":false},"author":1,"featured_media":0,"parent":0,"menu_order":0,"comment_status":"closed","ping_status":"closed","template":"","meta":{"footnotes":""},"class_list":["post-427","page","type-page","status-publish","hentry"],"_links":{"self":[{"href":"https:\/\/daahk.org\/trk\/wp-json\/wp\/v2\/pages\/427","targetHints":{"allow":["GET"]}}],"collection":[{"href":"https:\/\/daahk.org\/trk\/wp-json\/wp\/v2\/pages"}],"about":[{"href":"https:\/\/daahk.org\/trk\/wp-json\/wp\/v2\/types\/page"}],"author":[{"embeddable":true,"href":"https:\/\/daahk.org\/trk\/wp-json\/wp\/v2\/users\/1"}],"replies":[{"embeddable":true,"href":"https:\/\/daahk.org\/trk\/wp-json\/wp\/v2\/comments?post=427"}],"version-history":[{"count":2,"href":"https:\/\/daahk.org\/trk\/wp-json\/wp\/v2\/pages\/427\/revisions"}],"predecessor-version":[{"id":429,"href":"https:\/\/daahk.org\/trk\/wp-json\/wp\/v2\/pages\/427\/revisions\/429"}],"wp:attachment":[{"href":"https:\/\/daahk.org\/trk\/wp-json\/wp\/v2\/media?parent=427"}],"curies":[{"name":"wp","href":"https:\/\/api.w.org\/{rel}","templated":true}]}}